{"id":1499,"date":"2023-05-05T16:11:54","date_gmt":"2023-05-05T16:11:54","guid":{"rendered":"https:\/\/minousbikes.com\/?page_id=1499"},"modified":"2023-06-04T11:40:16","modified_gmt":"2023-06-04T11:40:16","slug":"contact","status":"publish","type":"page","link":"https:\/\/minousbikes.com\/?page_id=1499","title":{"rendered":"CONTACT"},"content":{"rendered":"<style>.kb-row-layout-id_9713c5-d7 > .kt-row-column-wrap{align-content:start;}:where(.kb-row-layout-id_9713c5-d7 > .kt-row-column-wrap) > .wp-block-kadence-column{justify-content:start;}.kb-row-layout-id_9713c5-d7 > .kt-row-column-wrap{column-gap:var(--global-kb-gap-md, 2rem);row-gap:var(--global-kb-gap-none, 0rem );padding-top:var(--global-kb-spacing-xxl, 5rem);padding-right:var(--global-kb-spacing-xxl, 5rem);padding-bottom:var(--global-kb-spacing-xxl, 5rem);padding-left:var(--global-kb-spacing-xxl, 5rem);grid-template-columns:minmax(0, 1fr);}.kb-row-layout-id_9713c5-d7{background-color:#ffffff;}.kb-row-layout-id_9713c5-d7 > .kt-row-layout-overlay{opacity:0.00;background-color:#b72623;mix-blend-mode:color-burn;}.kb-row-layout-id_9713c5-d7 ,.kb-row-layout-id_9713c5-d7 h1,.kb-row-layout-id_9713c5-d7 h2,.kb-row-layout-id_9713c5-d7 h3,.kb-row-layout-id_9713c5-d7 h4,.kb-row-layout-id_9713c5-d7 h5,.kb-row-layout-id_9713c5-d7 h6{color:var(--global-palette3, #1A202C);}.kb-row-layout-id_9713c5-d7 a{color:var(--global-palette9, #ffffff);}.kb-row-layout-id_9713c5-d7 a:hover{color:#b72623;}.kb-row-layout-id_9713c5-d7 .kt-row-layout-bottom-sep{height:100px;}.kb-row-layout-id_9713c5-d7 .kt-row-layout-bottom-sep svg{width:125%;}.kb-row-layout-id_9713c5-d7 .kt-row-layout-bottom-sep svg{fill:#b72623!important;}.kb-row-layout-id_9713c5-d7 .kt-row-layout-top-sep{height:87px;}.kb-row-layout-id_9713c5-d7 .kt-row-layout-top-sep svg{width:100%;}.kb-row-layout-id_9713c5-d7 .kt-row-layout-top-sep svg{fill:#b72623!important;}@media all and (max-width: 1024px){.kb-row-layout-id_9713c5-d7 > .kt-row-column-wrap{grid-template-columns:minmax(0, 1fr);}}@media all and (max-width: 1024px){.kb-row-layout-id_9713c5-d7 .kt-row-layout-bottom-sep{height:px;}}@media all and (max-width: 1024px){.kb-row-layout-id_9713c5-d7 .kt-row-layout-bottom-sep svg{width:%;}}@media all and (max-width: 767px){.kb-row-layout-id_9713c5-d7 > .kt-row-column-wrap{row-gap:var(--global-kb-gap-none, 0rem );padding-top:var(--global-kb-spacing-xxl, 5rem);grid-template-columns:minmax(0, 1fr);}.kb-row-layout-id_9713c5-d7 > .kt-row-column-wrap > .wp-block-kadence-column:nth-child(1 of *:not(style)){order:1;}.kb-row-layout-id_9713c5-d7 > .kt-row-column-wrap > .wp-block-kadence-column:nth-child(2 of *:not(style)){order:11;}.kb-row-layout-id_9713c5-d7 > .kt-row-column-wrap > .wp-block-kadence-column:nth-child(3 of *:not(style)){order:21;}.kb-row-layout-id_9713c5-d7 > .kt-row-column-wrap > .wp-block-kadence-column:nth-child(4 of *:not(style)){order:31;}.kb-row-layout-id_9713c5-d7 .kt-row-layout-bottom-sep{height:px;}.kb-row-layout-id_9713c5-d7 .kt-row-layout-bottom-sep svg{width:%;}}<\/style><div class=\"kb-row-layout-wrap kb-row-layout-id_9713c5-d7 alignfull kt-row-has-bg wp-block-kadence-rowlayout\"><div class=\"kt-row-layout-overlay kt-row-overlay-normal\"><\/div><div class=\"kt-row-layout-top-sep kt-row-sep-type-mtns\"><svg viewBox=\"0 0 1000 100\" preserveAspectRatio=\"none\"><path d=\"M1000,50l-182.69,-45.286l-292.031,61.197l-190.875,-41.075l-143.748,28.794l-190.656,-23.63l0,70l1000,0l0,-50Z\" style=\"opacity: 0.4\" \/><path d=\"M1000,57l-152.781,-22.589l-214.383,19.81l-159.318,-21.471l-177.44,25.875l-192.722,5.627l-103.356,-27.275l0,63.023l1000,0l0,-43Z\" \/><\/svg><\/div><div class=\"kt-row-layout-bottom-sep kt-row-sep-type-mtns\"><svg viewBox=\"0 0 1000 100\" preserveAspectRatio=\"none\"><path d=\"M1000,50l-182.69,-45.286l-292.031,61.197l-190.875,-41.075l-143.748,28.794l-190.656,-23.63l0,70l1000,0l0,-50Z\" style=\"opacity: 0.4\" \/><path d=\"M1000,57l-152.781,-22.589l-214.383,19.81l-159.318,-21.471l-177.44,25.875l-192.722,5.627l-103.356,-27.275l0,63.023l1000,0l0,-43Z\" \/><\/svg><\/div><div class=\"kt-row-column-wrap kt-has-1-columns kt-row-layout-equal kt-tab-layout-inherit kt-mobile-layout-row kt-row-valign-top\">\n<style>#wrapper.site{overflow:clip;}.kadence-column_5e3ba7-54 > .kt-inside-inner-col{box-shadow:0px 0px 14px 0px rgba(0, 0, 0, 0.2);}.kadence-column_5e3ba7-54 > .kt-inside-inner-col,.kadence-column_5e3ba7-54 > .kt-inside-inner-col:before{border-top-left-radius:0px;border-top-right-radius:0px;border-bottom-right-radius:0px;border-bottom-left-radius:0px;}.kadence-column_5e3ba7-54 > .kt-inside-inner-col{column-gap:var(--global-kb-gap-sm, 1rem);}.kadence-column_5e3ba7-54 > .kt-inside-inner-col{flex-direction:column;}.kadence-column_5e3ba7-54 > .kt-inside-inner-col > .aligncenter{width:100%;}.kadence-column_5e3ba7-54 > .kt-inside-inner-col{background-color:var(--global-palette3, #1A202C);}.kadence-column_5e3ba7-54:hover > .kt-inside-inner-col{background-color:var(--global-palette3, #1A202C);background-image:none;}.kadence-column_5e3ba7-54 > .kt-inside-inner-col:before{opacity:0.3;background-color:var(--global-palette3, #1A202C);}.kadence-column_5e3ba7-54{position:relative;}@media all and (max-width: 1024px){.kadence-column_5e3ba7-54 > .kt-inside-inner-col{flex-direction:column;justify-content:center;}}@media all and (max-width: 767px){.kadence-column_5e3ba7-54 > .kt-inside-inner-col{flex-direction:column;justify-content:center;}}<\/style>\n<div class=\"wp-block-kadence-column kadence-column_5e3ba7-54 kb-section-is-sticky kb-section-has-overlay kb-section-dir-vertical\"><div class=\"kt-inside-inner-col\"><style>.wp-block-kadence-advancedgallery.kb-gallery-wrap-id-_aa0a40-16{overflow:hidden;}.kb-gallery-id-_aa0a40-16 .kadence-blocks-gallery-item .kb-gal-image-radius, .kb-gallery-id-_aa0a40-16 .kb-slide-item .kb-gal-image-radius img{border-radius:0px 0px 0px 0px;;}.kb-gallery-wrap-id-_aa0a40-16.wp-block-kadence-advancedgallery{overflow:visible;}.kb-gallery-wrap-id-_aa0a40-16.wp-block-kadence-advancedgallery .kt-blocks-carousel{overflow:visible;}<\/style><div class=\"kb-gallery-wrap-id-_aa0a40-16 alignnone wp-block-kadence-advancedgallery\"><div class=\"kb-gallery-ul kb-gallery-non-static kb-gallery-type-carousel kb-gallery-id-_aa0a40-16 kb-gallery-caption-style-bottom-hover kb-gallery-filter-none\" data-image-filter=\"none\" data-lightbox-caption=\"true\"><div class=\"kt-blocks-carousel splide kt-carousel-container-dotstyle-dark kt-carousel-arrowstyle-whiteondark kt-carousel-dotstyle-dark kb-slider-group-arrow kb-slider-arrow-position-center\" data-columns-xxl=\"3\" data-columns-xl=\"3\" data-columns-md=\"3\" data-columns-sm=\"2\" data-columns-xs=\"1\" data-columns-ss=\"1\" data-slider-anim-speed=\"400\" data-slider-scroll=\"all\" data-slider-arrows=\"true\" data-slider-dots=\"true\" data-slider-hover-pause=\"false\" data-slider-auto=\"\" data-slider-speed=\"7000\" data-slider-gap=\"10px\" data-slider-gap-tablet=\"10px\" data-slider-gap-mobile=\"10px\" data-show-pause-button=\"false\" data-slider-label=\"Photo Gallery Carousel\"><div class=\"splide__track\"><ul class=\"kt-blocks-carousel-init kb-gallery-carousel splide__list\"><li class=\"kb-slide-item kb-gallery-carousel-item splide__slide\"><div class=\"kadence-blocks-gallery-item\"><div class=\"kadence-blocks-gallery-item-inner\"><figure class=\"kb-gallery-figure kadence-blocks-gallery-item-hide-caption\"><div class=\"kb-gal-image-radius\"><div class=\"kb-gallery-image-contain kadence-blocks-gallery-intrinsic kb-gallery-image-ratio-square kb-has-image-ratio-square\" ><img loading=\"lazy\" decoding=\"async\" src=\"data:image\/svg+xml,%3Csvg%20xmlns='http:\/\/www.w3.org\/2000\/svg'%20viewBox='0%200%201000%20667'%3E%3C\/svg%3E\"  data-splide-lazy=\"https:\/\/minousbikes.com\/wp-content\/uploads\/2023\/05\/velodim.jpg\" width=\"400\" height=\"533\" alt=\"\" data-full-image=\"https:\/\/minousbikes.com\/wp-content\/uploads\/2023\/05\/velodim.jpg\" data-light-image=\"https:\/\/minousbikes.com\/wp-content\/uploads\/2023\/05\/velodim.jpg\" data-splide-lazy-srcset=\"https:\/\/minousbikes.com\/wp-content\/uploads\/2023\/05\/velodim.jpg 400w, https:\/\/minousbikes.com\/wp-content\/uploads\/2023\/05\/velodim-225x300.jpg 225w\" sizes=\"auto, (max-width: 400px) 100vw, 400px\"data-id=\"1622\" class=\"wp-image-1622 skip-lazy\"\/><\/div><\/div><\/figure><\/div><\/div><\/li><li class=\"kb-slide-item kb-gallery-carousel-item splide__slide\"><div class=\"kadence-blocks-gallery-item\"><div class=\"kadence-blocks-gallery-item-inner\"><figure class=\"kb-gallery-figure kadence-blocks-gallery-item-hide-caption\"><div class=\"kb-gal-image-radius\"><div class=\"kb-gallery-image-contain kadence-blocks-gallery-intrinsic kb-gallery-image-ratio-square kb-has-image-ratio-square\" ><img loading=\"lazy\" decoding=\"async\" src=\"data:image\/svg+xml,%3Csvg%20xmlns='http:\/\/www.w3.org\/2000\/svg'%20viewBox='0%200%201000%20667'%3E%3C\/svg%3E\"  data-splide-lazy=\"https:\/\/minousbikes.com\/wp-content\/uploads\/2023\/05\/velo5dim.jpg\" width=\"400\" height=\"534\" alt=\"\" data-full-image=\"https:\/\/minousbikes.com\/wp-content\/uploads\/2023\/05\/velo5dim.jpg\" data-light-image=\"https:\/\/minousbikes.com\/wp-content\/uploads\/2023\/05\/velo5dim.jpg\" data-splide-lazy-srcset=\"https:\/\/minousbikes.com\/wp-content\/uploads\/2023\/05\/velo5dim.jpg 400w, https:\/\/minousbikes.com\/wp-content\/uploads\/2023\/05\/velo5dim-225x300.jpg 225w\" sizes=\"auto, (max-width: 400px) 100vw, 400px\"data-id=\"1623\" class=\"wp-image-1623 skip-lazy\"\/><\/div><\/div><\/figure><\/div><\/div><\/li><li class=\"kb-slide-item kb-gallery-carousel-item splide__slide\"><div class=\"kadence-blocks-gallery-item\"><div class=\"kadence-blocks-gallery-item-inner\"><figure class=\"kb-gallery-figure kadence-blocks-gallery-item-hide-caption\"><div class=\"kb-gal-image-radius\"><div class=\"kb-gallery-image-contain kadence-blocks-gallery-intrinsic kb-gallery-image-ratio-square kb-has-image-ratio-square\" ><img loading=\"lazy\" decoding=\"async\" src=\"data:image\/svg+xml,%3Csvg%20xmlns='http:\/\/www.w3.org\/2000\/svg'%20viewBox='0%200%201000%20667'%3E%3C\/svg%3E\"  data-splide-lazy=\"https:\/\/minousbikes.com\/wp-content\/uploads\/2023\/05\/velo1-1-768x1024.jpg\" width=\"768\" height=\"1024\" alt=\"\" data-full-image=\"https:\/\/minousbikes.com\/wp-content\/uploads\/2023\/05\/velo1-1.jpg\" data-light-image=\"https:\/\/minousbikes.com\/wp-content\/uploads\/2023\/05\/velo1-1.jpg\" data-splide-lazy-srcset=\"https:\/\/minousbikes.com\/wp-content\/uploads\/2023\/05\/velo1-1-768x1024.jpg 768w, https:\/\/minousbikes.com\/wp-content\/uploads\/2023\/05\/velo1-1-225x300.jpg 225w, https:\/\/minousbikes.com\/wp-content\/uploads\/2023\/05\/velo1-1-1152x1536.jpg 1152w, https:\/\/minousbikes.com\/wp-content\/uploads\/2023\/05\/velo1-1.jpg 1512w\" sizes=\"auto, (max-width: 768px) 100vw, 768px\"data-id=\"1624\" class=\"wp-image-1624 skip-lazy\"\/><\/div><\/div><\/figure><\/div><\/div><\/li><\/ul><\/div><\/div><\/div><\/div><\/div><\/div>\n\n<\/div><\/div>\n\n<style>.kb-row-layout-id_7769a9-59 > .kt-row-column-wrap{align-content:center;}:where(.kb-row-layout-id_7769a9-59 > .kt-row-column-wrap) > .wp-block-kadence-column{justify-content:center;}.kb-row-layout-id_7769a9-59 > .kt-row-column-wrap{column-gap:var(--global-kb-gap-lg, 4rem);row-gap:var(--global-kb-gap-md, 2rem);max-width:var( --global-content-width, 1290px );padding-left:var(--global-content-edge-padding);padding-right:var(--global-content-edge-padding);grid-template-columns:repeat(2, minmax(0, 1fr));}.kb-row-layout-id_7769a9-59 > .kt-row-layout-overlay{opacity:0.30;}.kb-row-layout-id_7769a9-59 a{color:var(--global-palette3, #1A202C);}.kb-row-layout-id_7769a9-59 a:hover{color:var(--global-palette4, #2D3748);}@media all and (max-width: 1024px){.kb-row-layout-id_7769a9-59 > .kt-row-column-wrap{padding-bottom:var(--global-kb-spacing-xl, 4rem);grid-template-columns:minmax(0, 1fr);}}@media all and (max-width: 767px){.kb-row-layout-id_7769a9-59 > .kt-row-column-wrap{grid-template-columns:minmax(0, 1fr);}}<\/style><div class=\"kb-row-layout-wrap kb-row-layout-id_7769a9-59 alignfull has-theme-palette9-background-color kt-row-has-bg wp-block-kadence-rowlayout\"><div class=\"kt-row-column-wrap kt-has-2-columns kt-row-layout-equal kt-tab-layout-row kt-mobile-layout-row kt-row-valign-middle kb-theme-content-width\">\n<style>.kadence-column_64aad9-89 > .kt-inside-inner-col,.kadence-column_64aad9-89 > .kt-inside-inner-col:before{border-top-left-radius:0px;border-top-right-radius:0px;border-bottom-right-radius:0px;border-bottom-left-radius:0px;}.kadence-column_64aad9-89 > .kt-inside-inner-col{column-gap:var(--global-kb-gap-sm, 1rem);}.kadence-column_64aad9-89 > .kt-inside-inner-col{flex-direction:column;}.kadence-column_64aad9-89 > .kt-inside-inner-col > .aligncenter{width:100%;}.kadence-column_64aad9-89 > .kt-inside-inner-col:before{opacity:0.3;}.kadence-column_64aad9-89{position:relative;}@media all and (max-width: 1024px){.kadence-column_64aad9-89 > .kt-inside-inner-col{flex-direction:column;justify-content:center;}}@media all and (max-width: 767px){.kadence-column_64aad9-89 > .kt-inside-inner-col{flex-direction:column;justify-content:center;}}<\/style>\n<div class=\"wp-block-kadence-column kadence-column_64aad9-89\"><div class=\"kt-inside-inner-col\"><style>.wp-block-kadence-advancedheading.kt-adv-heading_b80aec-10, .wp-block-kadence-advancedheading.kt-adv-heading_b80aec-10[data-kb-block=\"kb-adv-heading_b80aec-10\"]{margin-bottom:var(--global-kb-spacing-xxs, 0.5rem);font-size:var(--global-kb-font-size-lg, 2rem);font-style:normal;}.wp-block-kadence-advancedheading.kt-adv-heading_b80aec-10 mark.kt-highlight, .wp-block-kadence-advancedheading.kt-adv-heading_b80aec-10[data-kb-block=\"kb-adv-heading_b80aec-10\"] mark.kt-highlight{font-style:normal;color:#f76a0c;-webkit-box-decoration-break:clone;box-decoration-break:clone;padding-top:0px;padding-right:0px;padding-bottom:0px;padding-left:0px;}.wp-block-kadence-advancedheading.kt-adv-heading_b80aec-10 img.kb-inline-image, .wp-block-kadence-advancedheading.kt-adv-heading_b80aec-10[data-kb-block=\"kb-adv-heading_b80aec-10\"] img.kb-inline-image{width:150px;vertical-align:baseline;}<\/style>\n<h2 class=\"kt-adv-heading_b80aec-10 wp-block-kadence-advancedheading has-theme-palette-3-color has-text-color\" data-kb-block=\"kb-adv-heading_b80aec-10\">Trouvez-nous<\/h2>\n\n\n<style>.wp-block-kadence-advancedheading.kt-adv-heading_bc4df4-49, .wp-block-kadence-advancedheading.kt-adv-heading_bc4df4-49[data-kb-block=\"kb-adv-heading_bc4df4-49\"]{font-style:normal;}.wp-block-kadence-advancedheading.kt-adv-heading_bc4df4-49 mark.kt-highlight, .wp-block-kadence-advancedheading.kt-adv-heading_bc4df4-49[data-kb-block=\"kb-adv-heading_bc4df4-49\"] mark.kt-highlight{font-style:normal;color:#f76a0c;-webkit-box-decoration-break:clone;box-decoration-break:clone;padding-top:0px;padding-right:0px;padding-bottom:0px;padding-left:0px;}.wp-block-kadence-advancedheading.kt-adv-heading_bc4df4-49 img.kb-inline-image, .wp-block-kadence-advancedheading.kt-adv-heading_bc4df4-49[data-kb-block=\"kb-adv-heading_bc4df4-49\"] img.kb-inline-image{width:150px;vertical-align:baseline;}<\/style>\n<div class=\"kt-adv-heading_bc4df4-49 wp-block-kadence-advancedheading has-theme-palette-3-color has-text-color\" data-kb-block=\"kb-adv-heading_bc4df4-49\">Fourons-St-Martin situ\u00e9 dans la province du Limbourg dont le r\u00e9seau intersection vous offre plus de 2000 km de randonn\u00e9e \u00e0 v\u00e9lo.<\/div>\n\n\n\n<div class=\"wp-block-columns is-layout-flex wp-container-core-columns-is-layout-9d6595d7 wp-block-columns-is-layout-flex\">\n<div class=\"wp-block-column is-vertically-aligned-top is-layout-flow wp-block-column-is-layout-flow\" style=\"flex-basis:66.66%\">\n<p style=\"font-size:23px\"><a href=\"mailto:soironromain@gmail.com\">soironromain@gmail.com<\/a><font _mstmutation=\"1\"><\/font><\/p>\n\n\n\n<p class=\"has-medium-font-size\"><font _mstmutation=\"1\" _msttexthash=\"7644\" _msthash=\"3459\"><\/font>T\u00e9l: +32 499 27 57 59<font _mstmutation=\"1\"><\/font><\/p>\n<\/div>\n<\/div>\n\n\n\n<p class=\"has-large-font-size\"><font _mstmutation=\"1\" _msttexthash=\"7462\" _msthash=\"3040\">R<\/font>ue Saint-Martin 4<br>3790 Fourons Saint-Martin<font _mstmutation=\"1\"><\/font><\/p>\n\n\n\n<p><font _mstmutation=\"1\"><\/font><\/p>\n<\/div><\/div>\n\n\n<style>.kadence-column_f870db-b5 > .kt-inside-inner-col,.kadence-column_f870db-b5 > .kt-inside-inner-col:before{border-top-left-radius:0px;border-top-right-radius:0px;border-bottom-right-radius:0px;border-bottom-left-radius:0px;}.kadence-column_f870db-b5 > .kt-inside-inner-col{column-gap:var(--global-kb-gap-sm, 1rem);}.kadence-column_f870db-b5 > .kt-inside-inner-col{flex-direction:column;}.kadence-column_f870db-b5 > .kt-inside-inner-col > .aligncenter{width:100%;}.kadence-column_f870db-b5 > .kt-inside-inner-col:before{opacity:0.3;}.kadence-column_f870db-b5{position:relative;}@media all and (max-width: 1024px){.kadence-column_f870db-b5 > .kt-inside-inner-col{flex-direction:column;justify-content:center;}}@media all and (max-width: 767px){.kadence-column_f870db-b5 > .kt-inside-inner-col{flex-direction:column;justify-content:center;}}<\/style>\n<div class=\"wp-block-kadence-column kadence-column_f870db-b5\"><div class=\"kt-inside-inner-col\"><style>.kb-google-maps-container_144542-a9{height:584px;}<\/style><div class=\"kb-google-maps-container kb-google-maps-container_144542-a9  wp-block-kadence-googlemaps\" data-mapid=\"_144542a9\"><iframe width=\"100%\" height=\"100%\"\n\t\t\t\t\t\t\tstyle=\"border:0\" loading=\"lazy\"\n\t\t\t\t\t\t\tsrc=\"https:\/\/www.google.com\/maps\/embed\/v1\/place?key=AIzaSyBAM2o7PiQqwk15LC1XRH2e_KJ-jUa7KYk&#038;zoom=11&#038;maptype=roadmap&#038;q=fOURONS-Saint-Martin\"\n\t\t\t\t\t\t\ttitle=\"Google map of fOURONS-Saint-Martin\"><\/iframe><\/div><script>function kb_google_map_144542a9() { let center = { lat: 37.8201, lng: -122.4781}; let map = new google.maps.Map(document.getElementById(\"kb-google-map_144542a9\"), {\n\t\t\t\t\t    zoom: 11,\n\t\t\t\t\t    center: center,});let marker = new google.maps.Marker({   position: { lat: 37.8201, lng: -122.4781},    map: map,  });}<\/script><\/div><\/div>\n\n<\/div><\/div>","protected":false},"excerpt":{"rendered":"<p>Trouvez-nous Fourons-St-Martin situ\u00e9 dans la province du Limbourg dont le r\u00e9seau intersection vous offre plus de 2000 km de randonn\u00e9e \u00e0 v\u00e9lo. soironromain@gmail.com T\u00e9l: +32 499 27 57 59 Rue Saint-Martin 43790 Fourons Saint-Martin<\/p>\n","protected":false},"author":1,"featured_media":0,"parent":0,"menu_order":0,"comment_status":"closed","ping_status":"closed","template":"","meta":{"_monsterinsights_skip_tracking":false,"_monsterinsights_sitenote_active":false,"_monsterinsights_sitenote_note":"","_monsterinsights_sitenote_category":0,"_kadence_starter_templates_imported_post":false,"_kad_post_transparent":"disable","_kad_post_title":"show","_kad_post_layout":"normal","_kad_post_sidebar_id":"","_kad_post_content_style":"boxed","_kad_post_vertical_padding":"","_kad_post_feature":"","_kad_post_feature_position":"","_kad_post_header":false,"_kad_post_footer":false,"footnotes":""},"class_list":["post-1499","page","type-page","status-publish","hentry"],"aioseo_notices":[],"_links":{"self":[{"href":"https:\/\/minousbikes.com\/index.php?rest_route=\/wp\/v2\/pages\/1499","targetHints":{"allow":["GET"]}}],"collection":[{"href":"https:\/\/minousbikes.com\/index.php?rest_route=\/wp\/v2\/pages"}],"about":[{"href":"https:\/\/minousbikes.com\/index.php?rest_route=\/wp\/v2\/types\/page"}],"author":[{"embeddable":true,"href":"https:\/\/minousbikes.com\/index.php?rest_route=\/wp\/v2\/users\/1"}],"replies":[{"embeddable":true,"href":"https:\/\/minousbikes.com\/index.php?rest_route=%2Fwp%2Fv2%2Fcomments&post=1499"}],"version-history":[{"count":24,"href":"https:\/\/minousbikes.com\/index.php?rest_route=\/wp\/v2\/pages\/1499\/revisions"}],"predecessor-version":[{"id":1798,"href":"https:\/\/minousbikes.com\/index.php?rest_route=\/wp\/v2\/pages\/1499\/revisions\/1798"}],"wp:attachment":[{"href":"https:\/\/minousbikes.com\/index.php?rest_route=%2Fwp%2Fv2%2Fmedia&parent=1499"}],"curies":[{"name":"wp","href":"https:\/\/api.w.org\/{rel}","templated":true}]}}